= -h + t + 89. Is h a composite number?
False
Let f be 216*-2 - (1 + -4). Let d = -290 - f. Is d composite?
False
Is (5006/4)/(1 + 1/(-2)) composite?
False
Let o = 49 - -20. Is o prime?
False
Suppose 3*s - 21 = -3. Let x = 15 - s. Let o = 16 - x. Is o a prime number?
True
Let q(z) = -7*z**3 + 3*z**2 + 7*z + 4. Is q(-5) composite?
False
Suppose 0 = i - 5 + 3. Suppose 3*g - 24 = -2*a + 10, i*a - 22 = 3*g. Is a composite?
True
Let f = -9 - -12. Suppose f*h + 316 - 1849 = 0. Is h prime?
False
Let m(b) = -4 + 7 - 3*b + 4. Is m(-9) composite?
True
Let z(r) be the second derivative of -41*r**3/6 - 5*r**2/2 - 4*r. Is z(-4) a prime number?
False
Is 1283/3*24/8 a prime number?
True
Let t = -1 - -3. Let c(o) = 30*o - 3. Is c(t) a composite number?
True
Let d(a) = 2*a + 1. Let k(q) = 2*q**3 - 4*q**2 + q + 1. Let w be k(3). Suppose 0 = f - 2, -2*j = f - w. Is d(j) a composite number?
True
Is (8/4)/(6/555) composite?
True
Suppose -3336 = -8*c + 4*c + 4*g, 0 = -3*c - 3*g + 2532. Is c prime?
True
Let f = -4 - -4. Suppose 4*n - 2*n - 50 = f. Is n a prime number?
False
Let p(u) = -u**3 - 6*u**2 - 6*u + 18. Let v(n) = n**2 + n - 1. Let r(l) = p(l) + 5*v(l). Is r(0) a prime number?
True
Let u(r) = -27*r**3 - r**2 - r - 2. Let b be u(2). Is (1 - b/2) + 2 prime?
False
Let a be 1 + -2 + 2 + 1. Suppose 0 = -4*v + t - 5*t + 44, 0 = 5*v - a*t - 20. Let p(w) = 2*w**2 - 10*w + 7. Is p(v) prime?
True
Suppose -5*j = -2*j - 11541. Is j a composite number?
False
Let m(t) = -84*t**3 + 2*t**2 + t. Let q be (-2*3/6)/1. Is m(q) a composite number?
True
Let k = 84 - 25. Is k a composite number?
False
Suppose 397 + 361 = 2*l. Is l composite?
False
Suppose -10*o - o = -108515. Is o prime?
False
Let b be (-4)/10 - (-168)/20. Suppose 5*j = 5*r - 0*r + 1725, -4*r = -b. Is j composite?
False
Is 23*(-2 + 0 + 5) prime?
False
Suppose 3*u - 66 = -6. Is (-6)/15 + 1588/u a composite number?
False
Is (446/(-3))/(16/(-24)) a composite number?
False
Suppose 9 = -3*r + 411. Is r composite?
True
Suppose 5*w - 7184 = -b, 4*w + 3765 - 9517 = 4*b. Is w prime?
False
Let q = 148 - 65. Is q a prime number?
True
Let d be (-1)/3 - (-14)/6. Let k = 0 - d. Is k/((-1)/5*1) composite?
True
Suppose -3*u + 0*u + 201 = 3*g, -4*u + 268 = g. Suppose -2*o - h + 37 = -2*h, -2*o - 5*h = -u. Is o a composite number?
True
Let q(c) = -c**3. Let h(w) = -10*w**3 - w - 1. Let x(s) = -h(s) + 6*q(s). Is x(2) composite?
True
Suppose 0 = r - 0*r - 4. Suppose -r*s = -4*z - 0*z - 388, -s = -2*z - 97. Is s a prime number?
True
Let g be 172/(-24) + 1/6. Let d = g - -5. Is -1 + (d - 2*-43) composite?
False
Suppose -c = 4*s + 51, 3*c + s = -2*c - 198. Is (-2)/6 + (-7306)/c prime?
False
Suppose 0 = -5*s + h + 532, -3*s + s + 4*h + 220 = 0. Is s a prime number?
False
Let o(u) = -u + 13. Let r be o(9). Suppose 2*g + r*k + k = 39, k = -5*g + 109. Is g prime?
False
Let p(d) = 2*d. Let t be p(1). Suppose -2*u - t = -k + 2, -9 = 3*u - 3*k. Is u*(-22 + (-3)/3) a prime number?
True
Suppose -2 = u + 2. Let m = u + 35. Is m a prime number?
True
Let u = 135 + 172. Is u prime?
True
Suppose -8*d = -11*d + 498. Is d composite?
True
Is (-1206)/6*2/(-6) a composite number?
False
Let b = 9 + -4. Suppose -b*p + 4 = -2*l - 1, -3*l + 4*p = -3. Suppose 3*v = 5*c + 168, -l*v + 144 = 5*c - 96. Is v composite?
True
Suppose 5*w - 2*g = 874 - 189, 0 = 4*w - 4*g - 560. Let r = 241 - w. Is r a prime number?
False
Let s be 4/(32/12)*-8. Is 3/s + 314/8 a composite number?
True
Let o = 17 - 24. Let x be 1003/o - 10/(-35). Is 0 + (3 - 1) - x composite?
True
Suppose -5*c + c + 12 = 0. Suppose -3*w + k + 94 = 0, -2*k = -w + c*w - 60. Is w prime?
True
Let r(t) = t**2 - 6*t. Let u be (-15)/(-2) + (-3)/2. Let j be r(u). Suppose -z = -2*q + 110, j = -7*q + 4*q - 2*z + 151. Is q composite?
False
Let k be 5/(1 - -1 - 3). Let s = 24 + k. Is s a prime number?
True
Suppose -3*z + 5*z = 4. Suppose -z*f + 111 = f. Is f composite?
False
Suppose -4650 = 4*p + p + 5*s, p + 4*s + 921 = 0. Let i = -1359 - p. Let o = -225 - i. Is o a prime number?
False
Let x = -179 - -308. Is -1 - (1 - x - 0) prime?
True
Let h(g) = 0*g**2 - g**2 + 4*g - 3*g - 6. Let w be h(-6). Let u = 67 + w. Is u a prime number?
True
Suppose 2*t = h + 5, -3*h = 3*t + 2*t + 15. Suppose 2*d - d + 5 = t. Let s(f) = -f**3 - 3*f**2 + 8*f + 3. Is s(d) a prime number?
True
Suppose 0*j - 5 = j, -5*i + 2*j + 65 = 0. Suppose 4*p = -5*c + 125, 3*c - 3*p + 9 = 57. Let y = c - i. Is y prime?
False
Let k be 1/(-2)*(4 - 6). Let q(i) = 6*i**3 + i**2 - 1. Is q(k) a composite number?
True
Let y = -7 + 7. Let b be (-176)/6*(-6)/4. Suppose -3*i + b + 13 = y. Is i a prime number?
True
Let m(v) = v**3 - 5*v**2. Let z be m(5). Suppose z*t - t = -13. Is t a composite number?
False
Let j(l) = -2*l - 1 + l + 10*l. Let g be j(1). Is (-756)/(-16) + (-2)/g a prime number?
True
Suppose n = -3*n. Suppose 2*l - 5*w - 105 = n, -l = 6*w - 3*w - 47. Suppose m + 4*m - l = 0. Is m a prime number?
False
Suppose -5*c - 3*q = 2, 0 + 10 = -3*c - 4*q. Suppose 0*h - 10 = -3*o - h, 3*o - h - c = 0. Is 34 + (o - (-6)/(-2)) a composite number?
True
Let g be (23/(-5))/((-1)/5). Let w = -9 + g. Is w prime?
False
Let y(p) = 79*p**2 - 2*p - 6. Is y(-2) a prime number?
False
Is 1 + 1 - (-279 - 6) a composite number?
True
Let w be 0 - (2 + -1*2). Let p = w + -6. Is (-3)/(p/40) - -2 prime?
False
Let a(r) = -6*r**2 - 5*r + 8. Let c(v) = v - 1. Let m(f) = -a(f) - 5*c(f). Is m(-3) a prime number?
False
Is 2241/9*(2 + -1) a composite number?
True
Suppose 4*q + 36 = 4*y, 4*y + 11 = -5*q + 2. Let h = y - -1. Is 25 + (2 + 1 - h) prime?
True
Is 2/(-4) - ((-20727)/14)/3 prime?
False
Let f = 21 + 44. Is f composite?
True
Let s(w) be the first derivative of 19*w**4 + w**2/2 - 3. Is s(1) a prime number?
False
Let r(k) = -k**2 + 9*k - 6. Let c be r(8). Suppose c*f - 794 = -2*w, 4*f + 2*w = 5*f - 391. Is f a composite number?
True
Let c(q) = -q**3 + 2*q**2 - 2*q + 1. Let b be c(1). Suppose -w - 4 + 1 = b, -5*w = -z + 21. Is z a prime number?
False
Suppose -3*q = -7 + 1. Let w(k) = k + 4. Let o be w(6). Is (-50)/q*(-4)/o a prime number?
False
Let w(j) be the second derivative of -j**4/12 - 2*j**3 - j. Suppose 0 = -k - 3*k - 20. Is w(k) a composite number?
True
Let b = -2 + 3. Is b + 1/(1/6) composite?
False
Suppose 0*p + 2*p + 3*l - 33 = 0, 4*l = 5*p - 140. Let d(o) = 34*o + 1. Let i be d(1). Let y = i - p. Is y a prime number?
True
Let l = 3408 - 1911. Is l composite?
True
Let v(n) = n**3 + 7*n**2 + 6*n + 5. Let w(j) = -6*j**2 + j + 1. Let d be w(-1). Let g be v(d). Suppose -g*c + 60 = 3*z, 0*c = 3*c - 9. Is z a composite number?
True
Let z(q) = -q**3 - 4*q**2 - q + 2. Let u be z(-4). Let b = 47 + u. Is b a composite number?
False
Suppose 5*h - 14 = 1. Suppose -2*g + h*g = 2. Suppose 0*o + g*o = 158. Is o a composite number?
False
Let h be -5*2/(4/(-10)). Is (-20)/h*190/(-4) prime?
False
Let d = 395 - 108. Is d a prime number?
False
Suppose -2*u - 16 = -4*m, 0 = 6*m - m - 4*u - 23. Suppose 12 = -0*s + m*s. Suppose 50 = t + s*t. Is t a composite number?
True
Suppose 5*i - 2*i - 9 = 0. Is (129 + -2)/(-2 + i) composite?
False
Let o(m) = -3*m**2 + 8*m**3 - 4*m**2 - 9*m**3 - 11. Is o(-8) a prime number?
True
Let z = -432 - -664. Let h = z - 129. Is h composite?
False
Suppose -328 = -4*r + 3*f, 0 = -r - f + 41 + 41. Let d be 6*2*(-3)/12. Let t = d + r. Is t a prime number?
True
Suppose l + 2*l = -5*i + 114, 3*i - 9 = 0. Is l prime?
False
Let y = 726 + -477. Is y a prime number?
False
Suppose -11 = -5*w - 1. Suppose 5*s - 280 = -7*i + w*i, 0 = 3*i - 9. Is s a prime number?
True
Let c(u) = 9*u**2 - 28*u + 6. Is c(7) prime?
True
Let g = 529 - 272. Is g a prime number?
True
Is (4/6)/(4/6)*719 a prime number?
True
Let z be 5 + 0 + 3 + -3. Suppose z*g - 4 = 3*t + 6, 3*t + 2*g + 17 = 0. Let v(l) = -3*l + 6. Is v(t) prime?
False
Suppose 0 = -m - 2*m - 804. Is (m/(-6))/(4/6) prime?
True
Let d(w) = -w + 38*w**2 + 35 - w - 34. Is d(1) prime?
True
Let j = -16 + 30. Suppose -j - 26 = -4*b. Is b prime?
False
Suppose 0*z - 5*z = -6265. Is z a prime number?
False
Suppose 4*r + 5*u - 460 = 3*u, 0 = -2*r + 4*u + 230. Suppose -3*w - r = -2*a, -2*a + 4*w + 20 = -94. Is a composite?
False
Suppose 0*m + b = -2*m - 185, m + 5*b = -115. Let o(y) = 22*y**2 - 2*y + 9. Let p be o(4). Let v = p + m. Is v pr